[INFO] cloning repository https://github.com/TylerHorth/advent-of-code-2019
[INFO] running `Command { std: "git" "-c" "credential.helper=" "-c" "credential.helper=/workspace/cargo-home/bin/git-credential-null" "clone" "--bare" "https://github.com/TylerHorth/advent-of-code-2019" "/workspace/cache/git-repos/https%3A%2F%2Fgithub.com%2FTylerHorth%2Fadvent-of-code-2019", kill_on_drop: false }`
[INFO] [stderr] Cloning into bare repository '/workspace/cache/git-repos/https%3A%2F%2Fgithub.com%2FTylerHorth%2Fadvent-of-code-2019'...
[INFO] running `Command { std: "git" "rev-parse" "HEAD", kill_on_drop: false }`
[INFO] [stdout] adbbb13e2c11b93f73bb9564224892600295b797
[INFO] checking TylerHorth/advent-of-code-2019 against master#af3c6e733a40e671550e0f0f5aeecaa13772ba56 for pr-74989
[INFO] running `Command { std: "git" "clone" "/workspace/cache/git-repos/https%3A%2F%2Fgithub.com%2FTylerHorth%2Fadvent-of-code-2019" "/workspace/builds/worker-7/source", kill_on_drop: false }`
[INFO] [stderr] Cloning into '/workspace/builds/worker-7/source'...
[INFO] [stderr] done.
[INFO] validating manifest of git repo https://github.com/TylerHorth/advent-of-code-2019 on toolchain af3c6e733a40e671550e0f0f5aeecaa13772ba56
[INFO] running `Command { std: "/workspace/cargo-home/bin/cargo" "+af3c6e733a40e671550e0f0f5aeecaa13772ba56" "read-manifest" "--manifest-path" "Cargo.toml", kill_on_drop: false }`
[INFO] started tweaking git repo https://github.com/TylerHorth/advent-of-code-2019
[INFO] finished tweaking git repo https://github.com/TylerHorth/advent-of-code-2019
[INFO] tweaked toml for git repo https://github.com/TylerHorth/advent-of-code-2019 written to /workspace/builds/worker-7/source/Cargo.toml
[INFO] crate git repo https://github.com/TylerHorth/advent-of-code-2019 already has a lockfile, it will not be regenerated
[INFO] running `Command { std: "/workspace/cargo-home/bin/cargo" "+af3c6e733a40e671550e0f0f5aeecaa13772ba56" "fetch" "--locked" "--manifest-path" "Cargo.toml", kill_on_drop: false }`
[INFO] running `Command { std: "docker" "create" "-v" "/var/lib/crater-agent-workspace/builds/worker-7/target:/opt/rustwide/target:rw,Z" "-v" "/var/lib/crater-agent-workspace/builds/worker-7/source:/opt/rustwide/workdir:ro,Z" "-v" "/var/lib/crater-agent-workspace/cargo-home:/opt/rustwide/cargo-home:ro,Z" "-v" "/var/lib/crater-agent-workspace/rustup-home:/opt/rustwide/rustup-home:ro,Z" "-e" "SOURCE_DIR=/opt/rustwide/workdir" "-e" "CARGO_TARGET_DIR=/opt/rustwide/target" "-e" "CARGO_HOME=/opt/rustwide/cargo-home" "-e" "RUSTUP_HOME=/opt/rustwide/rustup-home" "-w" "/opt/rustwide/workdir" "-m" "1610612736" "--user" "0:0" "--network" "none" "rustops/crates-build-env@sha256:d92eaeed33fa75130ca1ee6c8a01d1ffb62bac859dfdfb3450e3e5d1c0146529" "/opt/rustwide/cargo-home/bin/cargo" "+af3c6e733a40e671550e0f0f5aeecaa13772ba56" "metadata" "--no-deps" "--format-version=1", kill_on_drop: false }`
[INFO] [stderr] WARNING: Your kernel does not support swap limit capabilities or the cgroup is not mounted. Memory limited without swap.
[INFO] [stdout] d86b196ee33bf407424fb1f71f410dab3585f7ad9a929175bab61fcc4912eafc
[INFO] running `Command { std: "docker" "start" "-a" "d86b196ee33bf407424fb1f71f410dab3585f7ad9a929175bab61fcc4912eafc", kill_on_drop: false }`
[INFO] running `Command { std: "docker" "inspect" "d86b196ee33bf407424fb1f71f410dab3585f7ad9a929175bab61fcc4912eafc", kill_on_drop: false }`
[INFO] running `Command { std: "docker" "rm" "-f" "d86b196ee33bf407424fb1f71f410dab3585f7ad9a929175bab61fcc4912eafc", kill_on_drop: false }`
[INFO] [stdout] d86b196ee33bf407424fb1f71f410dab3585f7ad9a929175bab61fcc4912eafc
[INFO] running `Command { std: "docker" "create" "-v" "/var/lib/crater-agent-workspace/builds/worker-7/target:/opt/rustwide/target:rw,Z" "-v" "/var/lib/crater-agent-workspace/builds/worker-7/source:/opt/rustwide/workdir:ro,Z" "-v" "/var/lib/crater-agent-workspace/cargo-home:/opt/rustwide/cargo-home:ro,Z" "-v" "/var/lib/crater-agent-workspace/rustup-home:/opt/rustwide/rustup-home:ro,Z" "-e" "SOURCE_DIR=/opt/rustwide/workdir" "-e" "CARGO_TARGET_DIR=/opt/rustwide/target" "-e" "CARGO_INCREMENTAL=0" "-e" "RUST_BACKTRACE=full" "-e" "RUSTFLAGS=--cap-lints=forbid" "-e" "CARGO_HOME=/opt/rustwide/cargo-home" "-e" "RUSTUP_HOME=/opt/rustwide/rustup-home" "-w" "/opt/rustwide/workdir" "-m" "1610612736" "--user" "0:0" "--network" "none" "rustops/crates-build-env@sha256:d92eaeed33fa75130ca1ee6c8a01d1ffb62bac859dfdfb3450e3e5d1c0146529" "/opt/rustwide/cargo-home/bin/cargo" "+af3c6e733a40e671550e0f0f5aeecaa13772ba56" "check" "--frozen" "--all" "--all-targets" "--message-format=json", kill_on_drop: false }`
[INFO] [stderr] WARNING: Your kernel does not support swap limit capabilities or the cgroup is not mounted. Memory limited without swap.
[INFO] [stdout] 0b50ba80f19cc665358b6b2981238e2a3dd12266339645fc012e6ae3eb9a1ef5
[INFO] running `Command { std: "docker" "start" "-a" "0b50ba80f19cc665358b6b2981238e2a3dd12266339645fc012e6ae3eb9a1ef5", kill_on_drop: false }`
[INFO] [stderr]    Compiling autocfg v0.1.7
[INFO] [stderr]    Compiling ryu v1.0.2
[INFO] [stderr]    Compiling proc-macro2 v1.0.6
[INFO] [stderr]    Compiling syn v1.0.11
[INFO] [stderr]    Compiling serde v1.0.103
[INFO] [stderr]    Compiling memchr v2.2.1
[INFO] [stderr]    Compiling version_check v0.1.5
[INFO] [stderr]    Compiling bitflags v1.2.1
[INFO] [stderr]     Checking static_assertions v0.3.4
[INFO] [stderr]     Checking either v1.5.3
[INFO] [stderr]     Checking fixedbitset v0.2.0
[INFO] [stderr]     Checking aoc-runner v0.3.0
[INFO] [stderr]     Checking net2 v0.2.33
[INFO] [stderr]     Checking parking_lot_core v0.7.0
[INFO] [stderr]     Checking signal-hook-registry v1.2.0
[INFO] [stderr]     Checking arrayvec v0.4.12
[INFO] [stderr]    Compiling lexical-core v0.4.6
[INFO] [stderr]     Checking itertools v0.8.2
[INFO] [stderr]     Checking parking_lot v0.10.0
[INFO] [stderr]     Checking mio v0.6.21
[INFO] [stderr]    Compiling nom v5.0.1
[INFO] [stderr]    Compiling num-traits v0.2.10
[INFO] [stderr]    Compiling num-integer v0.1.41
[INFO] [stderr]    Compiling num-bigint v0.2.3
[INFO] [stderr]    Compiling num-complex v0.2.3
[INFO] [stderr]    Compiling indexmap v1.3.0
[INFO] [stderr]    Compiling num-rational v0.2.2
[INFO] [stderr]    Compiling num-iter v0.1.39
[INFO] [stderr]     Checking signal-hook v0.1.12
[INFO] [stderr]     Checking crossterm v0.14.1
[INFO] [stderr]    Compiling quote v1.0.2
[INFO] [stderr]     Checking pathfinding v2.0.3
[INFO] [stderr]     Checking num v0.2.0
[INFO] [stderr]    Compiling serde_json v1.0.44
[INFO] [stderr]    Compiling serde_derive v1.0.103
[INFO] [stderr]    Compiling aoc-runner-internal v0.1.0
[INFO] [stderr]    Compiling aoc-runner-derive v0.3.0
[INFO] [stderr]     Checking advent-of-code-2019 v0.1.0 (/opt/rustwide/workdir)
[INFO] [stdout] error: proc macro panicked
[INFO] [stdout]   --> src/lib.rs:21:1
[INFO] [stdout]    |
[INFO] [stdout] 21 | aoc_lib! { year = 2019 }
[INFO] [stdout]    | ^^^^^^^^^^^^^^^^^^^^^^^^
[INFO] [stdout]    |
[INFO] [stdout]    = help: message: failed to write infos from lib: Os { code: 30, kind: Other, message: "Read-only file system" }
[INFO] [stdout] 
[INFO] [stdout] 
[INFO] [stdout] error[E0432]: unresolved import `crate`
[INFO] [stdout]   --> src/day1.rs:19:1
[INFO] [stdout]    |
[INFO] [stdout] 19 | #[aoc(day1, part1)]
[INFO] [stdout]    | ^^^^^^^^^^^^^^^^^^^ no `Factory` in the root
[INFO] [stdout]    |
[INFO] [stdout]    = note: this error originates in an attribute macro (in Nightly builds, run with -Z macro-backtrace for more info)
[INFO] [stdout] 
[INFO] [stdout] 
[INFO] [stdout] error[E0432]: unresolved import `crate`
[INFO] [stdout]   --> src/day1.rs:37:1
[INFO] [stdout]    |
[INFO] [stdout] 37 | #[aoc(day1, part2)]
[INFO] [stdout]    | ^^^^^^^^^^^^^^^^^^^ no `Factory` in the root
[INFO] [stdout]    |
[INFO] [stdout]    = note: this error originates in an attribute macro (in Nightly builds, run with -Z macro-backtrace for more info)
[INFO] [stdout] 
[INFO] [stdout] 
[INFO] [stdout] error[E0432]: unresolved import `crate`
[INFO] [stdout]   --> src/day2.rs:14:1
[INFO] [stdout]    |
[INFO] [stdout] 14 | #[aoc(day2, part1)]
[INFO] [stdout]    | ^^^^^^^^^^^^^^^^^^^ no `Factory` in the root
[INFO] [stdout]    |
[INFO] [stdout]    = note: this error originates in an attribute macro (in Nightly builds, run with -Z macro-backtrace for more info)
[INFO] [stdout] 
[INFO] [stdout] 
[INFO] [stdout] error[E0432]: unresolved import `crate`
[INFO] [stdout]   --> src/day2.rs:19:1
[INFO] [stdout]    |
[INFO] [stdout] 19 | #[aoc(day2, part2)]
[INFO] [stdout]    | ^^^^^^^^^^^^^^^^^^^ no `Factory` in the root
[INFO] [stdout]    |
[INFO] [stdout]    = note: this error originates in an attribute macro (in Nightly builds, run with -Z macro-backtrace for more info)
[INFO] [stdout] 
[INFO] [stdout] 
[INFO] [stdout] error[E0432]: unresolved import `crate`
[INFO] [stdout]    --> src/day3.rs:213:1
[INFO] [stdout]     |
[INFO] [stdout] 213 | #[aoc(day3, part1)]
[INFO] [stdout]     | ^^^^^^^^^^^^^^^^^^^ no `Factory` in the root
[INFO] [stdout]     |
[INFO] [stdout]     = note: this error originates in an attribute macro (in Nightly builds, run with -Z macro-backtrace for more info)
[INFO] [stdout] 
[INFO] [stdout] 
[INFO] [stdout] error[E0432]: unresolved import `crate`
[INFO] [stdout]    --> src/day3.rs:218:1
[INFO] [stdout]     |
[INFO] [stdout] 218 | #[aoc(day3, part2)]
[INFO] [stdout]     | ^^^^^^^^^^^^^^^^^^^ no `Factory` in the root
[INFO] [stdout]     |
[INFO] [stdout]     = note: this error originates in an attribute macro (in Nightly builds, run with -Z macro-backtrace for more info)
[INFO] [stdout] 
[INFO] [stdout] 
[INFO] [stdout] error[E0432]: unresolved import `crate`
[INFO] [stdout]   --> src/day4.rs:71:1
[INFO] [stdout]    |
[INFO] [stdout] 71 | #[aoc(day4, part1)]
[INFO] [stdout]    | ^^^^^^^^^^^^^^^^^^^ no `Factory` in the root
[INFO] [stdout]    |
[INFO] [stdout]    = note: this error originates in an attribute macro (in Nightly builds, run with -Z macro-backtrace for more info)
[INFO] [stdout] 
[INFO] [stdout] 
[INFO] [stdout] error[E0432]: unresolved import `crate`
[INFO] [stdout]   --> src/day4.rs:76:1
[INFO] [stdout]    |
[INFO] [stdout] 76 | #[aoc(day4, part2)]
[INFO] [stdout]    | ^^^^^^^^^^^^^^^^^^^ no `Factory` in the root
[INFO] [stdout]    |
[INFO] [stdout]    = note: this error originates in an attribute macro (in Nightly builds, run with -Z macro-backtrace for more info)
[INFO] [stdout] 
[INFO] [stdout] 
[INFO] [stdout] error[E0432]: unresolved import `crate`
[INFO] [stdout]  --> src/day5.rs:4:1
[INFO] [stdout]   |
[INFO] [stdout] 4 | #[aoc(day5, part1)]
[INFO] [stdout]   | ^^^^^^^^^^^^^^^^^^^ no `Factory` in the root
[INFO] [stdout]   |
[INFO] [stdout]   = note: this error originates in an attribute macro (in Nightly builds, run with -Z macro-backtrace for more info)
[INFO] [stdout] 
[INFO] [stdout] 
[INFO] [stdout] error[E0432]: unresolved import `crate`
[INFO] [stdout]  --> src/day5.rs:5:1
[INFO] [stdout]   |
[INFO] [stdout] 5 | #[aoc(day5, part2)]
[INFO] [stdout]   | ^^^^^^^^^^^^^^^^^^^ no `Factory` in the root
[INFO] [stdout]   |
[INFO] [stdout]   = note: this error originates in an attribute macro (in Nightly builds, run with -Z macro-backtrace for more info)
[INFO] [stdout] 
[INFO] [stdout] 
[INFO] [stdout] error[E0432]: unresolved import `crate`
[INFO] [stdout]   --> src/day6.rs:34:1
[INFO] [stdout]    |
[INFO] [stdout] 34 | #[aoc(day6, part1)]
[INFO] [stdout]    | ^^^^^^^^^^^^^^^^^^^ no `Factory` in the root
[INFO] [stdout]    |
[INFO] [stdout]    = note: this error originates in an attribute macro (in Nightly builds, run with -Z macro-backtrace for more info)
[INFO] [stdout] 
[INFO] [stdout] 
[INFO] [stdout] error[E0432]: unresolved import `crate`
[INFO] [stdout]   --> src/day6.rs:47:1
[INFO] [stdout]    |
[INFO] [stdout] 47 | #[aoc(day6, part2)]
[INFO] [stdout]    | ^^^^^^^^^^^^^^^^^^^ no `Factory` in the root
[INFO] [stdout]    |
[INFO] [stdout]    = note: this error originates in an attribute macro (in Nightly builds, run with -Z macro-backtrace for more info)
[INFO] [stdout] 
[INFO] [stdout] 
[INFO] [stdout] error[E0432]: unresolved import `crate`
[INFO] [stdout]   --> src/day7.rs:51:1
[INFO] [stdout]    |
[INFO] [stdout] 51 | #[aoc(day7, part1)]
[INFO] [stdout]    | ^^^^^^^^^^^^^^^^^^^ no `Factory` in the root
[INFO] [stdout]    |
[INFO] [stdout]    = note: this error originates in an attribute macro (in Nightly builds, run with -Z macro-backtrace for more info)
[INFO] [stdout] 
[INFO] [stdout] 
[INFO] [stdout] error[E0432]: unresolved import `crate`
[INFO] [stdout]   --> src/day7.rs:56:1
[INFO] [stdout]    |
[INFO] [stdout] 56 | #[aoc(day7, part2)]
[INFO] [stdout]    | ^^^^^^^^^^^^^^^^^^^ no `Factory` in the root
[INFO] [stdout]    |
[INFO] [stdout]    = note: this error originates in an attribute macro (in Nightly builds, run with -Z macro-backtrace for more info)
[INFO] [stdout] 
[INFO] [stdout] 
[INFO] [stdout] error[E0432]: unresolved import `crate`
[INFO] [stdout]   --> src/day8.rs:11:1
[INFO] [stdout]    |
[INFO] [stdout] 11 | #[aoc(day8, part1)]
[INFO] [stdout]    | ^^^^^^^^^^^^^^^^^^^ no `Factory` in the root
[INFO] [stdout]    |
[INFO] [stdout]    = note: this error originates in an attribute macro (in Nightly builds, run with -Z macro-backtrace for more info)
[INFO] [stdout] 
[INFO] [stdout] 
[INFO] [stdout] error[E0432]: unresolved import `crate`
[INFO] [stdout]   --> src/day8.rs:19:1
[INFO] [stdout]    |
[INFO] [stdout] 19 | #[aoc(day8, part2)]
[INFO] [stdout]    | ^^^^^^^^^^^^^^^^^^^ no `Factory` in the root
[INFO] [stdout]    |
[INFO] [stdout]    = note: this error originates in an attribute macro (in Nightly builds, run with -Z macro-backtrace for more info)
[INFO] [stdout] 
[INFO] [stdout] 
[INFO] [stdout] error[E0432]: unresolved import `crate`
[INFO] [stdout]  --> src/day9.rs:4:1
[INFO] [stdout]   |
[INFO] [stdout] 4 | #[aoc(day9, part1)]
[INFO] [stdout]   | ^^^^^^^^^^^^^^^^^^^ no `Factory` in the root
[INFO] [stdout]   |
[INFO] [stdout]   = note: this error originates in an attribute macro (in Nightly builds, run with -Z macro-backtrace for more info)
[INFO] [stdout] 
[INFO] [stdout] 
[INFO] [stdout] error[E0432]: unresolved import `crate`
[INFO] [stdout]  --> src/day9.rs:5:1
[INFO] [stdout]   |
[INFO] [stdout] 5 | #[aoc(day9, part2)]
[INFO] [stdout]   | ^^^^^^^^^^^^^^^^^^^ no `Factory` in the root
[INFO] [stdout]   |
[INFO] [stdout]   = note: this error originates in an attribute macro (in Nightly builds, run with -Z macro-backtrace for more info)
[INFO] [stdout] 
[INFO] [stdout] 
[INFO] [stdout] error[E0432]: unresolved import `crate`
[INFO] [stdout]   --> src/day10.rs:90:1
[INFO] [stdout]    |
[INFO] [stdout] 90 | #[aoc(day10, part1)]
[INFO] [stdout]    | ^^^^^^^^^^^^^^^^^^^^ no `Factory` in the root
[INFO] [stdout]    |
[INFO] [stdout]    = note: this error originates in an attribute macro (in Nightly builds, run with -Z macro-backtrace for more info)
[INFO] [stdout] 
[INFO] [stdout] 
[INFO] [stdout] error[E0432]: unresolved import `crate`
[INFO] [stdout]    --> src/day10.rs:132:1
[INFO] [stdout]     |
[INFO] [stdout] 132 | #[aoc(day10, part2)]
[INFO] [stdout]     | ^^^^^^^^^^^^^^^^^^^^ no `Factory` in the root
[INFO] [stdout]     |
[INFO] [stdout]     = note: this error originates in an attribute macro (in Nightly builds, run with -Z macro-backtrace for more info)
[INFO] [stdout] 
[INFO] [stdout] 
[INFO] [stdout] error[E0432]: unresolved import `crate`
[INFO] [stdout]   --> src/day11.rs:84:1
[INFO] [stdout]    |
[INFO] [stdout] 84 | #[aoc(day11, part1)]
[INFO] [stdout]    | ^^^^^^^^^^^^^^^^^^^^ no `Factory` in the root
[INFO] [stdout]    |
[INFO] [stdout]    = note: this error originates in an attribute macro (in Nightly builds, run with -Z macro-backtrace for more info)
[INFO] [stdout] 
[INFO] [stdout] 
[INFO] [stdout] error[E0432]: unresolved import `crate`
[INFO] [stdout]   --> src/day11.rs:90:1
[INFO] [stdout]    |
[INFO] [stdout] 90 | #[aoc(day11, part2)]
[INFO] [stdout]    | ^^^^^^^^^^^^^^^^^^^^ no `Factory` in the root
[INFO] [stdout]    |
[INFO] [stdout]    = note: this error originates in an attribute macro (in Nightly builds, run with -Z macro-backtrace for more info)
[INFO] [stdout] 
[INFO] [stdout] 
[INFO] [stdout] error[E0432]: unresolved import `crate`
[INFO] [stdout]   --> src/day12.rs:74:1
[INFO] [stdout]    |
[INFO] [stdout] 74 | #[aoc(day12, part1)]
[INFO] [stdout]    | ^^^^^^^^^^^^^^^^^^^^ no `Factory` in the root
[INFO] [stdout]    |
[INFO] [stdout]    = note: this error originates in an attribute macro (in Nightly builds, run with -Z macro-backtrace for more info)
[INFO] [stdout] 
[INFO] [stdout] 
[INFO] [stdout] error[E0432]: unresolved import `crate`
[INFO] [stdout]    --> src/day12.rs:109:1
[INFO] [stdout]     |
[INFO] [stdout] 109 | #[aoc(day12, part2)]
[INFO] [stdout]     | ^^^^^^^^^^^^^^^^^^^^ no `Factory` in the root
[INFO] [stdout]     |
[INFO] [stdout]     = note: this error originates in an attribute macro (in Nightly builds, run with -Z macro-backtrace for more info)
[INFO] [stdout] 
[INFO] [stdout] 
[INFO] [stdout] error[E0432]: unresolved import `crate`
[INFO] [stdout]   --> src/day13.rs:27:1
[INFO] [stdout]    |
[INFO] [stdout] 27 | #[aoc(day13, part1)]
[INFO] [stdout]    | ^^^^^^^^^^^^^^^^^^^^ no `Factory` in the root
[INFO] [stdout]    |
[INFO] [stdout]    = note: this error originates in an attribute macro (in Nightly builds, run with -Z macro-backtrace for more info)
[INFO] [stdout] 
[INFO] [stdout] 
[INFO] [stdout] error[E0432]: unresolved import `crate`
[INFO] [stdout]   --> src/day13.rs:49:1
[INFO] [stdout]    |
[INFO] [stdout] 49 | #[aoc(day13, part2)]
[INFO] [stdout]    | ^^^^^^^^^^^^^^^^^^^^ no `Factory` in the root
[INFO] [stdout]    |
[INFO] [stdout]    = note: this error originates in an attribute macro (in Nightly builds, run with -Z macro-backtrace for more info)
[INFO] [stdout] 
[INFO] [stdout] 
[INFO] [stdout] error[E0432]: unresolved import `crate`
[INFO] [stdout]   --> src/day14.rs:64:1
[INFO] [stdout]    |
[INFO] [stdout] 64 | #[aoc(day14, part1)]
[INFO] [stdout]    | ^^^^^^^^^^^^^^^^^^^^ no `Factory` in the root
[INFO] [stdout]    |
[INFO] [stdout]    = note: this error originates in an attribute macro (in Nightly builds, run with -Z macro-backtrace for more info)
[INFO] [stdout] 
[INFO] [stdout] 
[INFO] [stdout] error[E0432]: unresolved import `crate`
[INFO] [stdout]   --> src/day14.rs:69:1
[INFO] [stdout]    |
[INFO] [stdout] 69 | #[aoc(day14, part2)]
[INFO] [stdout]    | ^^^^^^^^^^^^^^^^^^^^ no `Factory` in the root
[INFO] [stdout]    |
[INFO] [stdout]    = note: this error originates in an attribute macro (in Nightly builds, run with -Z macro-backtrace for more info)
[INFO] [stdout] 
[INFO] [stdout] 
[INFO] [stdout] error[E0432]: unresolved import `crate`
[INFO] [stdout]    --> src/day15.rs:132:1
[INFO] [stdout]     |
[INFO] [stdout] 132 | #[aoc(day15, part1)]
[INFO] [stdout]     | ^^^^^^^^^^^^^^^^^^^^ no `Factory` in the root
[INFO] [stdout]     |
[INFO] [stdout]     = note: this error originates in an attribute macro (in Nightly builds, run with -Z macro-backtrace for more info)
[INFO] [stdout] 
[INFO] [stdout] 
[INFO] [stdout] error[E0432]: unresolved import `crate`
[INFO] [stdout]    --> src/day15.rs:182:1
[INFO] [stdout]     |
[INFO] [stdout] 182 | #[aoc(day15, part2)]
[INFO] [stdout]     | ^^^^^^^^^^^^^^^^^^^^ no `Factory` in the root
[INFO] [stdout]     |
[INFO] [stdout]     = note: this error originates in an attribute macro (in Nightly builds, run with -Z macro-backtrace for more info)
[INFO] [stdout] 
[INFO] [stdout] 
[INFO] [stdout] error: proc macro panicked
[INFO] [stdout]   --> src/lib.rs:21:1
[INFO] [stdout]    |
[INFO] [stdout] 21 | aoc_lib! { year = 2019 }
[INFO] [stdout]    | ^^^^^^^^^^^^^^^^^^^^^^^^
[INFO] [stdout]    |
[INFO] [stdout]    = help: message: failed to write infos from lib: Os { code: 30, kind: Other, message: "Read-only file system" }
[INFO] [stdout] 
[INFO] [stdout] 
[INFO] [stdout] error[E0432]: unresolved import `crate`
[INFO] [stdout]   --> src/day1.rs:19:1
[INFO] [stdout]    |
[INFO] [stdout] 19 | #[aoc(day1, part1)]
[INFO] [stdout]    | ^^^^^^^^^^^^^^^^^^^ no `Factory` in the root
[INFO] [stdout]    |
[INFO] [stdout]    = note: this error originates in an attribute macro (in Nightly builds, run with -Z macro-backtrace for more info)
[INFO] [stdout] 
[INFO] [stdout] 
[INFO] [stdout] error[E0432]: unresolved import `crate`
[INFO] [stdout]   --> src/day1.rs:37:1
[INFO] [stdout]    |
[INFO] [stdout] 37 | #[aoc(day1, part2)]
[INFO] [stdout]    | ^^^^^^^^^^^^^^^^^^^ no `Factory` in the root
[INFO] [stdout]    |
[INFO] [stdout]    = note: this error originates in an attribute macro (in Nightly builds, run with -Z macro-backtrace for more info)
[INFO] [stdout] 
[INFO] [stdout] 
[INFO] [stdout] error[E0432]: unresolved import `crate`
[INFO] [stdout]   --> src/day2.rs:14:1
[INFO] [stdout]    |
[INFO] [stdout] 14 | #[aoc(day2, part1)]
[INFO] [stdout]    | ^^^^^^^^^^^^^^^^^^^ no `Factory` in the root
[INFO] [stdout]    |
[INFO] [stdout]    = note: this error originates in an attribute macro (in Nightly builds, run with -Z macro-backtrace for more info)
[INFO] [stdout] 
[INFO] [stdout] 
[INFO] [stdout] error[E0432]: unresolved import `crate`
[INFO] [stdout]   --> src/day2.rs:19:1
[INFO] [stdout]    |
[INFO] [stdout] 19 | #[aoc(day2, part2)]
[INFO] [stdout]    | ^^^^^^^^^^^^^^^^^^^ no `Factory` in the root
[INFO] [stdout]    |
[INFO] [stdout]    = note: this error originates in an attribute macro (in Nightly builds, run with -Z macro-backtrace for more info)
[INFO] [stdout] 
[INFO] [stdout] 
[INFO] [stdout] error: aborting due to 31 previous errors
[INFO] [stdout] 
[INFO] [stdout] 
[INFO] [stdout] For more information about this error, try `rustc --explain E0432`.
[INFO] [stdout] 
[INFO] [stdout] error[E0432]: unresolved import `crate`
[INFO] [stdout]    --> src/day3.rs:213:1
[INFO] [stdout]     |
[INFO] [stdout] 213 | #[aoc(day3, part1)]
[INFO] [stdout]     | ^^^^^^^^^^^^^^^^^^^ no `Factory` in the root
[INFO] [stdout]     |
[INFO] [stdout]     = note: this error originates in an attribute macro (in Nightly builds, run with -Z macro-backtrace for more info)
[INFO] [stdout] 
[INFO] [stdout] 
[INFO] [stdout] error[E0432]: unresolved import `crate`
[INFO] [stdout]    --> src/day3.rs:218:1
[INFO] [stdout]     |
[INFO] [stdout] 218 | #[aoc(day3, part2)]
[INFO] [stdout]     | ^^^^^^^^^^^^^^^^^^^ no `Factory` in the root
[INFO] [stdout]     |
[INFO] [stdout]     = note: this error originates in an attribute macro (in Nightly builds, run with -Z macro-backtrace for more info)
[INFO] [stdout] 
[INFO] [stdout] 
[INFO] [stdout] error[E0432]: unresolved import `crate`
[INFO] [stdout]   --> src/day4.rs:71:1
[INFO] [stdout]    |
[INFO] [stdout] 71 | #[aoc(day4, part1)]
[INFO] [stdout]    | ^^^^^^^^^^^^^^^^^^^ no `Factory` in the root
[INFO] [stdout]    |
[INFO] [stdout]    = note: this error originates in an attribute macro (in Nightly builds, run with -Z macro-backtrace for more info)
[INFO] [stdout] 
[INFO] [stdout] 
[INFO] [stdout] error[E0432]: unresolved import `crate`
[INFO] [stdout]   --> src/day4.rs:76:1
[INFO] [stdout]    |
[INFO] [stdout] 76 | #[aoc(day4, part2)]
[INFO] [stdout]    | ^^^^^^^^^^^^^^^^^^^ no `Factory` in the root
[INFO] [stdout]    |
[INFO] [stdout]    = note: this error originates in an attribute macro (in Nightly builds, run with -Z macro-backtrace for more info)
[INFO] [stdout] 
[INFO] [stdout] 
[INFO] [stdout] error[E0432]: unresolved import `crate`
[INFO] [stdout]  --> src/day5.rs:4:1
[INFO] [stdout]   |
[INFO] [stdout] 4 | #[aoc(day5, part1)]
[INFO] [stdout]   | ^^^^^^^^^^^^^^^^^^^ no `Factory` in the root
[INFO] [stdout]   |
[INFO] [stdout]   = note: this error originates in an attribute macro (in Nightly builds, run with -Z macro-backtrace for more info)
[INFO] [stdout] 
[INFO] [stdout] 
[INFO] [stdout] error[E0432]: unresolved import `crate`
[INFO] [stdout]  --> src/day5.rs:5:1
[INFO] [stdout]   |
[INFO] [stdout] 5 | #[aoc(day5, part2)]
[INFO] [stdout]   | ^^^^^^^^^^^^^^^^^^^ no `Factory` in the root
[INFO] [stdout]   |
[INFO] [stdout]   = note: this error originates in an attribute macro (in Nightly builds, run with -Z macro-backtrace for more info)
[INFO] [stdout] 
[INFO] [stdout] 
[INFO] [stdout] error[E0432]: unresolved import `crate`
[INFO] [stdout]   --> src/day6.rs:34:1
[INFO] [stdout]    |
[INFO] [stdout] 34 | #[aoc(day6, part1)]
[INFO] [stdout]    | ^^^^^^^^^^^^^^^^^^^ no `Factory` in the root
[INFO] [stdout]    |
[INFO] [stdout]    = note: this error originates in an attribute macro (in Nightly builds, run with -Z macro-backtrace for more info)
[INFO] [stdout] 
[INFO] [stdout] 
[INFO] [stdout] error[E0432]: unresolved import `crate`
[INFO] [stdout]   --> src/day6.rs:47:1
[INFO] [stdout]    |
[INFO] [stdout] 47 | #[aoc(day6, part2)]
[INFO] [stdout]    | ^^^^^^^^^^^^^^^^^^^ no `Factory` in the root
[INFO] [stdout]    |
[INFO] [stdout]    = note: this error originates in an attribute macro (in Nightly builds, run with -Z macro-backtrace for more info)
[INFO] [stdout] 
[INFO] [stdout] 
[INFO] [stdout] error[E0432]: unresolved import `crate`
[INFO] [stdout]   --> src/day7.rs:51:1
[INFO] [stdout]    |
[INFO] [stdout] 51 | #[aoc(day7, part1)]
[INFO] [stdout]    | ^^^^^^^^^^^^^^^^^^^ no `Factory` in the root
[INFO] [stdout]    |
[INFO] [stdout]    = note: this error originates in an attribute macro (in Nightly builds, run with -Z macro-backtrace for more info)
[INFO] [stdout] 
[INFO] [stdout] 
[INFO] [stdout] error[E0432]: unresolved import `crate`
[INFO] [stdout]   --> src/day7.rs:56:1
[INFO] [stdout]    |
[INFO] [stdout] 56 | #[aoc(day7, part2)]
[INFO] [stdout]    | ^^^^^^^^^^^^^^^^^^^ no `Factory` in the root
[INFO] [stdout]    |
[INFO] [stdout]    = note: this error originates in an attribute macro (in Nightly builds, run with -Z macro-backtrace for more info)
[INFO] [stdout] 
[INFO] [stdout] 
[INFO] [stdout] error[E0432]: unresolved import `crate`
[INFO] [stdout]   --> src/day8.rs:11:1
[INFO] [stdout]    |
[INFO] [stdout] 11 | #[aoc(day8, part1)]
[INFO] [stdout]    | ^^^^^^^^^^^^^^^^^^^ no `Factory` in the root
[INFO] [stdout]    |
[INFO] [stdout]    = note: this error originates in an attribute macro (in Nightly builds, run with -Z macro-backtrace for more info)
[INFO] [stdout] 
[INFO] [stdout] 
[INFO] [stdout] error[E0432]: unresolved import `crate`
[INFO] [stdout]   --> src/day8.rs:19:1
[INFO] [stdout]    |
[INFO] [stdout] 19 | #[aoc(day8, part2)]
[INFO] [stdout]    | ^^^^^^^^^^^^^^^^^^^ no `Factory` in the root
[INFO] [stdout]    |
[INFO] [stdout]    = note: this error originates in an attribute macro (in Nightly builds, run with -Z macro-backtrace for more info)
[INFO] [stdout] 
[INFO] [stdout] 
[INFO] [stdout] error[E0432]: unresolved import `crate`
[INFO] [stdout]  --> src/day9.rs:4:1
[INFO] [stdout]   |
[INFO] [stdout] 4 | #[aoc(day9, part1)]
[INFO] [stdout]   | ^^^^^^^^^^^^^^^^^^^ no `Factory` in the root
[INFO] [stdout]   |
[INFO] [stdout]   = note: this error originates in an attribute macro (in Nightly builds, run with -Z macro-backtrace for more info)
[INFO] [stdout] 
[INFO] [stdout] 
[INFO] [stdout] error[E0432]: unresolved import `crate`
[INFO] [stdout]  --> src/day9.rs:5:1
[INFO] [stdout]   |
[INFO] [stdout] 5 | #[aoc(day9, part2)]
[INFO] [stdout]   | ^^^^^^^^^^^^^^^^^^^ no `Factory` in the root
[INFO] [stdout]   |
[INFO] [stdout]   = note: this error originates in an attribute macro (in Nightly builds, run with -Z macro-backtrace for more info)
[INFO] [stdout] 
[INFO] [stdout] 
[INFO] [stderr] error: could not compile `advent-of-code-2019`.
[INFO] [stdout] error[E0432]: unresolved import `crate`
[INFO] [stdout]   --> src/day10.rs:90:1
[INFO] [stdout]    |
[INFO] [stdout] 90 | #[aoc(day10, part1)]
[INFO] [stdout]    | ^^^^^^^^^^^^^^^^^^^^ no `Factory` in the root
[INFO] [stdout]    |
[INFO] [stdout]    = note: this error originates in an attribute macro (in Nightly builds, run with -Z macro-backtrace for more info)
[INFO] [stdout] 
[INFO] [stdout] 
[INFO] [stderr] 
[INFO] [stdout] error[E0432]: unresolved import `crate`
[INFO] [stdout]    --> src/day10.rs:132:1
[INFO] [stdout]     |
[INFO] [stdout] 132 | #[aoc(day10, part2)]
[INFO] [stdout]     | ^^^^^^^^^^^^^^^^^^^^ no `Factory` in the root
[INFO] [stdout]     |
[INFO] [stdout]     = note: this error originates in an attribute macro (in Nightly builds, run with -Z macro-backtrace for more info)
[INFO] [stdout] 
[INFO] [stdout] 
[INFO] [stderr] To learn more, run the command again with --verbose.
[INFO] [stdout] error[E0432]: unresolved import `crate`
[INFO] [stdout]   --> src/day11.rs:84:1
[INFO] [stdout]    |
[INFO] [stdout] 84 | #[aoc(day11, part1)]
[INFO] [stdout]    | ^^^^^^^^^^^^^^^^^^^^ no `Factory` in the root
[INFO] [stdout]    |
[INFO] [stdout]    = note: this error originates in an attribute macro (in Nightly builds, run with -Z macro-backtrace for more info)
[INFO] [stdout] 
[INFO] [stdout] 
[INFO] [stderr] warning: build failed, waiting for other jobs to finish...
[INFO] [stdout] error[E0432]: unresolved import `crate`
[INFO] [stdout]   --> src/day11.rs:90:1
[INFO] [stdout]    |
[INFO] [stdout] 90 | #[aoc(day11, part2)]
[INFO] [stdout]    | ^^^^^^^^^^^^^^^^^^^^ no `Factory` in the root
[INFO] [stdout]    |
[INFO] [stdout]    = note: this error originates in an attribute macro (in Nightly builds, run with -Z macro-backtrace for more info)
[INFO] [stdout] 
[INFO] [stdout] 
[INFO] [stdout] error[E0432]: unresolved import `crate`
[INFO] [stdout]   --> src/day12.rs:74:1
[INFO] [stdout]    |
[INFO] [stdout] 74 | #[aoc(day12, part1)]
[INFO] [stdout]    | ^^^^^^^^^^^^^^^^^^^^ no `Factory` in the root
[INFO] [stdout]    |
[INFO] [stdout]    = note: this error originates in an attribute macro (in Nightly builds, run with -Z macro-backtrace for more info)
[INFO] [stdout] 
[INFO] [stdout] 
[INFO] [stdout] error[E0432]: unresolved import `crate`
[INFO] [stdout]    --> src/day12.rs:109:1
[INFO] [stdout]     |
[INFO] [stdout] 109 | #[aoc(day12, part2)]
[INFO] [stdout]     | ^^^^^^^^^^^^^^^^^^^^ no `Factory` in the root
[INFO] [stdout]     |
[INFO] [stdout]     = note: this error originates in an attribute macro (in Nightly builds, run with -Z macro-backtrace for more info)
[INFO] [stdout] 
[INFO] [stdout] 
[INFO] [stdout] error[E0432]: unresolved import `crate`
[INFO] [stdout]   --> src/day13.rs:27:1
[INFO] [stdout]    |
[INFO] [stdout] 27 | #[aoc(day13, part1)]
[INFO] [stdout]    | ^^^^^^^^^^^^^^^^^^^^ no `Factory` in the root
[INFO] [stdout]    |
[INFO] [stdout]    = note: this error originates in an attribute macro (in Nightly builds, run with -Z macro-backtrace for more info)
[INFO] [stdout] 
[INFO] [stdout] 
[INFO] [stdout] error[E0432]: unresolved import `crate`
[INFO] [stdout]   --> src/day13.rs:49:1
[INFO] [stdout]    |
[INFO] [stdout] 49 | #[aoc(day13, part2)]
[INFO] [stdout]    | ^^^^^^^^^^^^^^^^^^^^ no `Factory` in the root
[INFO] [stdout]    |
[INFO] [stdout]    = note: this error originates in an attribute macro (in Nightly builds, run with -Z macro-backtrace for more info)
[INFO] [stdout] 
[INFO] [stdout] 
[INFO] [stdout] error[E0432]: unresolved import `crate`
[INFO] [stdout]   --> src/day14.rs:64:1
[INFO] [stdout]    |
[INFO] [stdout] 64 | #[aoc(day14, part1)]
[INFO] [stdout]    | ^^^^^^^^^^^^^^^^^^^^ no `Factory` in the root
[INFO] [stdout]    |
[INFO] [stdout]    = note: this error originates in an attribute macro (in Nightly builds, run with -Z macro-backtrace for more info)
[INFO] [stdout] 
[INFO] [stdout] 
[INFO] [stdout] error[E0432]: unresolved import `crate`
[INFO] [stdout]   --> src/day14.rs:69:1
[INFO] [stdout]    |
[INFO] [stdout] 69 | #[aoc(day14, part2)]
[INFO] [stdout]    | ^^^^^^^^^^^^^^^^^^^^ no `Factory` in the root
[INFO] [stdout]    |
[INFO] [stdout]    = note: this error originates in an attribute macro (in Nightly builds, run with -Z macro-backtrace for more info)
[INFO] [stdout] 
[INFO] [stdout] 
[INFO] [stdout] error[E0432]: unresolved import `crate`
[INFO] [stdout]    --> src/day15.rs:132:1
[INFO] [stdout]     |
[INFO] [stdout] 132 | #[aoc(day15, part1)]
[INFO] [stdout]     | ^^^^^^^^^^^^^^^^^^^^ no `Factory` in the root
[INFO] [stdout]     |
[INFO] [stdout]     = note: this error originates in an attribute macro (in Nightly builds, run with -Z macro-backtrace for more info)
[INFO] [stdout] 
[INFO] [stdout] 
[INFO] [stdout] error[E0432]: unresolved import `crate`
[INFO] [stdout]    --> src/day15.rs:182:1
[INFO] [stdout]     |
[INFO] [stdout] 182 | #[aoc(day15, part2)]
[INFO] [stdout]     | ^^^^^^^^^^^^^^^^^^^^ no `Factory` in the root
[INFO] [stdout]     |
[INFO] [stdout]     = note: this error originates in an attribute macro (in Nightly builds, run with -Z macro-backtrace for more info)
[INFO] [stdout] 
[INFO] [stdout] 
[INFO] [stdout] error: aborting due to 31 previous errors
[INFO] [stdout] 
[INFO] [stdout] 
[INFO] [stdout] For more information about this error, try `rustc --explain E0432`.
[INFO] [stdout] 
[INFO] [stderr] error: build failed
[INFO] running `Command { std: "docker" "inspect" "0b50ba80f19cc665358b6b2981238e2a3dd12266339645fc012e6ae3eb9a1ef5", kill_on_drop: false }`
[INFO] running `Command { std: "docker" "rm" "-f" "0b50ba80f19cc665358b6b2981238e2a3dd12266339645fc012e6ae3eb9a1ef5", kill_on_drop: false }`
[INFO] [stdout] 0b50ba80f19cc665358b6b2981238e2a3dd12266339645fc012e6ae3eb9a1ef5
